Convert 508 (base 9) to base 14.
217
What is 1115 (base 7) in base 16?
194
1397 (base 10) to base 9
1822
Convert -ac1a (base 14) to base 13.
-10757
What is -5210 (base 10) in base 3?
-21010222
Convert 22b (base 14) to base 12.
2bb
What is 2379 (base 12) in base 16?
f8d
Convert -82a (base 11) to base 8.
-1750
Convert 2128 (base 9) to base 6.
11125
Convert -b4 (base 14) to base 16.
-9e
What is -1202 (base 10) in base 12?
-842
Convert -123 (base 7) to base 8.
-102
What is 36a (base 15) in base 8?
1407
Convert -26b0 (base 14) to base 3.
-100100112
Convert -4677 (base 9) to base 11.
-2677
What is d3c (base 15) in base 9?
4073
Convert 10550 (base 7) to base 3.
10200022
Convert -337 (base 11) to base 12.
-297
Convert 1220433 (base 5) to base 6.
255335
Convert -12221101 (base 4) to base 7.
-142231
What is 422 (base 7) in base 8?
324
Convert 12 (base 5) to base 4.
13
Convert 540000 (base 6) to base 8.
126040
Convert e2 (base 15) to base 13.
134
What is 31145 (base 12) in base 6?
1212525
What is 1011444 (base 6) in base 14?
1388c
-520 (base 6) to base 9
-233
What is -120164 (base 7) in base 6?
-244252
Convert -1101111 (base 4) to base 16.
-1455
-b5b (base 14) to base 7
-6344
What is 92a (base 11) in base 9?
1475
Convert 1986 (base 14) to base 11.
3526
1906 (base 11) to base 16
97a
What is -4744 (base 12) in base 7?
-32146
What is 1441 (base 7) in base 16?
238
Convert -517 (base 8) to base 16.
-14f
Convert 11000001 (base 2) to base 12.
141
-22031 (base 4) to base 11
-544
Convert -3157 (base 10) to base 16.
-c55
-113 (base 16) to base 7
-542
What is 10123232 (base 5) in base 4?
110033332
What is 14005 (base 15) in base 7?
354653
-1725 (base 11) to base 10
-2205
5524 (base 8) to base 10
2900
Convert -4400 (base 8) to base 16.
-900
Convert -403020 (base 5) to base 13.
-5b32
Convert 3f (base 16) to base 9.
70
Convert 10011111 (base 2) to base 8.
237
1297 (base 11) to base 8
3217
What is -66a (base 16) in base 9?
-2224
3423 (base 11) to base 5
121002
2622 (base 10) to base 2
101000111110
Convert 1059 (base 15) to base 14.
1391
3b5 (base 12) to base 14
2c9
Convert 2009 (base 10) to base 11.
1567
What is 663 (base 9) in base 11?
454
What is 14 (base 7) in base 15?
b
What is -2d6 (base 16) in base 11?
-600
What is 10110 (base 3) in base 4?
1131
What is -2c5 (base 13) in base 15?
-234
Convert 713 (base 9) to base 5.
4304
Convert -101b (base 14) to base 7.
-11034
Convert 1231 (base 5) to base 8.
277
What is 33367 (base 9) in base 11?
15729
-70 (base 12) to base 11
-77
Convert -899 (base 11) to base 5.
-13301
What is 49e4 (base 15) in base 4?
3311323
Convert 391 (base 10) to base 15.
1b1
Convert 1100001000101 (base 2) to base 12.
3719
What is -475 (base 9) in base 16?
-188
Convert 666 (base 13) to base 8.
2112
Convert -3203 (base 8) to base 14.
-871
What is -220 (base 16) in base 10?
-544
Convert 2410 (base 12) to base 13.
1ac1
Convert -83 (base 10) to base 16.
-53
What is 6580 (base 9) in base 11?
3710
Convert -768 (base 13) to base 11.
-a54
Convert 110111100111 (base 2) to base 8.
6747
-465015 (base 7) to base 8
-242641
202 (base 4) to base 9
37
37d3 (base 15) to base 7
46455
-115466 (base 7) to base 15
-6412
Convert -1101011011101 (base 2) to base 14.
-2713
-14413 (base 7) to base 6
-30231
1100001010 (base 2) to base 7
2161
Convert -5d8 (base 15) to base 7.
-3605
Convert 224424 (base 6) to base 4.
10223200
265 (base 8) to base 12
131
Convert ba7c (base 15) to base 2.
1001101001000100
What is -14893 (base 10) in base 4?
-3220231
Convert 101101111110101 (base 2) to base 10.
23541
2aa (base 16) to base 15
307
Convert 14523 (base 6) to base 11.
1851
Convert -274 (base 14) to base 16.
-1ee
Convert -7362 (base 14) to base 6.
-232014
What is 34663 (base 9) in base 10?
23142
Convert -1002021 (base 3) to base 2.
-1100010110
Convert -250 (base 7) to base 10.
-133
848 (base 15) to base 3
2120012
What is 9c8 (base 14) in base 3?
2122212
476 (base 11) to base 15
27c
1032222 (base 5) to base 4
10112110
344123 (base 5) to base 13
585b
What is 8227 (base 10) in base 7?
32662
What is -23135 (base 7) in base 8?
-13422
Convert -7322 (base 9) to base 10.
-5366
10547 (base 13) to base 16
7319
What is 1467 (base 12) in base 7?
6643
Convert -21020 (base 3) to base 12.
-143
-10101010001100 (base 2) to base 5
-322032
-810 (base 10) to base 4
-30222
-217 (base 10) to base 4
-3121
-53707 (base 8) to base 3
-1010211021
110010111 (base 2) to base 13
254
112331 (base 5) to base 6
30535
What is 53c (base 13) in base 16?
380
Convert 3154 (base 15) to base 11.
7921
What is 830 (base 11) in base 14?
517
1510 (base 6) to base 11
336
What is -167 (base 16) in base 7?
-1022
-3368 (base 15) to base 8
-25222
-52535 (base 8) to base 4
-11111131
What is 5c (base 16) in base 13?
71
-2a28 (base 12) to base 9
-6675
1014 (base 8) to base 16
20c
-10101011100 (base 2) to base 14
-700
What is 83 (base 15) in base 10?
123
-121404 (base 5) to base 12
-27b8
Convert 7585 (base 14) to base 13.
931c
What is -16867 (base 10) in base 11?
-11744
What is -4762 (base 15) in base 16?
-3b3f
What is -508 (base 10) in base 6?
-2204
What is 1023 (base 5) in base 11?
116
-410 (base 7) to base 16
-cb
32021 (base 4) to base 12
635
125 (base 8) to base 6
221
Convert 3021101 (base 5) to base 11.
332a8
What is -400431 (base 5) in base 12?
-7374
Convert 12010 (base 3) to base 4.
2022
1010110011010 (base 2) to base 14
2030
Convert 1154 (base 7) to base 15.
1db
What is -e1 (base 16) in base 8?
-341
What is -33203 (base 4) in base 3?
-1100212
What is -9c9 (base 16) in base 8?
-4711
What is -21537 (base 10) in base 9?
-32480
What is 25625 (base 11) in base 2?
1000111101010010
What is 20262 (base 7) in base 2?
1001101010000
What is -225 (base 10) in base 4?
-3201
Convert -575 (base 8) to base 7.
-1053
What is -211444 (base 6) in base 8?
-41524
What is 15015 (base 11) in base 15?
64ac
Convert -be0c (base 16) to base 8.
-137014
-302130 (base 4) to base 7
-12261
What is -5655 (base 7) in base 5?
-31144
What is c45b (base 13) in base 15?
807b
213433 (base 6) to base 4
10103331
32041 (base 5) to base 3
2221111
-1411 (base 5) to base 3
-22120
What is -32 (base 5) in base 16?
-11
What is abb (base 16) in base 7?
11003
Convert -531 (base 6) to base 11.
-171
What is -6003 (base 16) in base 5?
-1241304
1273 (base 8) to base 5
10244
102231 (base 4) to base 16
4ad
-4708 (base 13) to base 11
-7552
101111111000 (base 2) to base 13
1519
1121210 (base 3) to base 6
5250
-3211 (base 7) to base 13
-694
b45 (base 13) to base 3
2121222
Convert 287 (base 15) to base 4.
21001
What is -2759 (base 12) in base 13?
-20a9
Convert 166 (base 11) to base 6.
521
What is 124b (base 16) in base 4?
1021023
-1224 (base 6) to base 14
-17a
Convert 2437 (base 10) to base 5.
34222
Convert -4371 (base 8) to base 4.
-203321
What is -3752 (base 8) in base 3?
-2210001
Convert 10442 (base 5) to base 11.
61a
10 (base 14) to base 6
22
-14062 (base 7) to base 3
-12020101
Convert 4431 (base 5) to base 10.
616
114134 (base 7) to base 13
952a
-3600 (base 16) to base 12
-8000
What is 12413 (base 9) in base 12?
4a03
What is 1021245 (base 6) in base 16?
c19d
Convert 599 (base 10) to base 3.
211012
2082 (base 9) to base 16
5fc
-14042 (base 6) to base 11
-1708
94a (base 12) to base 3
1212011
2222 (base 4) to base 2
10101010
What is 1013 (base 11) in base 16?
541
Convert 15285 (base 9) to base 7.
42311
Convert 102a (base 11) to base 12.
957
Convert -23203 (base 4) to base 9.
-1011
What is -6ac (base 16) in base 9?
-2307
Convert -204 (base 10) to base 13.
-129
564 (base 11) to base 15
300
What is -10100101 (base 2) in base 12?
-119
What is -3103 (base 6) in base 3?
-221110
What is -5203 (base 6) in base 10?
-1155
Convert -12500 (base 10) to base 6.
-133512
What is -20553 (base 7) in base 15?
-1790
What is -100326 (base 9) in base 15?
-12896
What is -3323 (base 4) in base 7?
-506
What is 32034 (base 5) in base 11?
167a
-1921 (base 13) to base 15
-119a
5346 (base 11) to base 2
1101110011100
13225 (base 6) to base 3
2210022
Convert 431 (base 13) to base 3.
222112
12220102 (base 3) to base 16
10d0
-2677 (base 15) to base 7
-32641
Convert -42b7 (base 14) to base 12.
-6809
Convert 13186 (base 10) to base 16.
3382
-103e (base 16) to base 6
-31130
What is -1021202120 (base 3) in base 15?
-7796
Co